ivided by 28.
19
Calculate the remainder when 71 is divided by 17.
3
Calculate the remainder when 589 is divided by 86.
73
What is the remainder when 8125 is divided by 16?
13
What is the remainder when 16712 is divided by 14?
10
What is the remainder when 695 is divided by 70?
65
Calculate the remainder when 1269 is divided by 31.
29
Calculate the remainder when 152 is divided by 37.
4
What is the remainder when 742 is divided by 186?
184
What is the remainder when 69 is divided by 23?
0
What is the remainder when 94 is divided by 40?
14
What is the remainder when 142 is divided by 9?
7
What is the remainder when 98 is divided by 37?
24
Calculate the remainder when 162 is divided by 15.
12
What is the remainder when 111 is divided by 82?
29
What is the remainder when 311 is divided by 32?
23
Calculate the remainder when 678 is divided by 28.
6
What is the remainder when 566 is divided by 187?
5
Calculate the remainder when 343 is divided by 209.
134
Calculate the remainder when 225 is divided by 29.
22
What is the remainder when 537 is divided by 54?
51
Calculate the remainder when 344 is divided by 44.
36
What is the remainder when 159 is divided by 17?
6
Calculate the remainder when 2904 is divided by 182.
174
What is the remainder when 300 is divided by 24?
12
What is the remainder when 727 is divided by 186?
169
What is the remainder when 604 is divided by 139?
48
Calculate the remainder when 344 is divided by 10.
4
What is the remainder when 13080 is divided by 103?
102
Calculate the remainder when 36 is divided by 19.
17
Calculate the remainder when 553 is divided by 13.
7
Calculate the remainder when 1005 is divided by 93.
75
What is the remainder when 75 is divided by 65?
10
What is the remainder when 3702 is divided by 47?
36
Calculate the remainder when 2095 is divided by 208.
15
What is the remainder when 32 is divided by 20?
12
What is the remainder when 54 is divided by 28?
26
What is the remainder when 860 is divided by 36?
32
Calculate the remainder when 1003 is divided by 36.
31
Calculate the remainder when 21 is divided by 6.
3
Calculate the remainder when 953 is divided by 53.
52
What is the remainder when 198 is divided by 12?
6
Calculate the remainder when 784 is divided by 200.
184
Calculate the remainder when 297 is divided by 79.
60
What is the remainder when 105 is divided by 61?
44
What is the remainder when 839 is divided by 35?
34
Calculate the remainder when 64 is divided by 53.
11
Calculate the remainder when 164 is divided by 149.
15
Calculate the remainder when 3387 is divided by 339.
336
What is the remainder when 1674 is divided by 39?
36
Calculate the remainder when 170 is divided by 11.
5
What is the remainder when 436 is divided by 433?
3
What is the remainder when 43 is divided by 34?
9
What is the remainder when 2012 is divided by 65?
62
What is the remainder when 364 is divided by 119?
7
Calculate the remainder when 129 is divided by 23.
14
What is the remainder when 1163 is divided by 473?
217
Calculate the remainder when 10 is divided by 3.
1
What is the remainder when 65 is divided by 22?
21
Calculate the remainder when 976 is divided by 140.
136
What is the remainder when 83 is divided by 24?
11
Calculate the remainder when 8391 is divided by 109.
107
Calculate the remainder when 208 is divided by 24.
16
What is the remainder when 1058 is divided by 10?
8
What is the remainder when 17 is divided by 16?
1
Calculate the remainder when 124 is divided by 38.
10
Calculate the remainder when 28 is divided by 11.
6
What is the remainder when 7702 is divided by 107?
105
Calculate the remainder when 398 is divided by 13.
8
Calculate the remainder when 34 is divided by 19.
15
Calculate the remainder when 1553 is divided by 197.
174
What is the remainder when 56 is divided by 27?
2
Calculate the remainder when 240 is divided by 43.
25
What is the remainder when 80 is divided by 28?
24
What is the remainder when 451 is divided by 13?
9
Calculate the remainder when 289 is divided by 58.
57
What is the remainder when 6366 is divided by 36?
30
What is the remainder when 2780 is divided by 307?
17
What is the remainder when 3618 is divided by 47?
46
Calculate the remainder when 191 is divided by 13.
9
Calculate the remainder when 77 is divided by 40.
37
Calculate the remainder when 49 is divided by 41.
8
What is the remainder when 1597 is divided by 34?
33
Calculate the remainder when 443 is divided by 74.
73
What is the remainder when 862 is divided by 3?
1
Calculate the remainder when 535 is divided by 34.
25
Calculate the remainder when 136 is divided by 71.
65
Calculate the remainder when 181 is divided by 32.
21
Calculate the remainder when 69 is divided by 35.
34
Calculate the remainder when 312 is divided by 53.
47
Calculate the remainder when 85 is divided by 46.
39
What is the remainder when 707 is divided by 233?
8
Calculate the remainder when 1047 is divided by 34.
27
Calculate the remainder when 568 is divided by 57.
55
What is the remainder when 182 is divided by 24?
14
Calculate the remainder when 1895 is divided by 466.
31
What is the remainder when 43 is divided by 18?
7
Calculate the remainder when 430 is divided by 36.
34
What is the remainder when 64 is divided by 27?
10
Calculate the remainder when 138 is divided by 31.
14
What is the remainder when 995 is divided by 12?
11
Calculate the remainder when 167 is divided by 67.
33
What is the remainder when 415 is divided by 137?
4
What is the remainder when 713 is divided by 142?
3
What is the remainder when 1446 is divided by 440?
126
Calculate the remainder when 111 is divided by 9.
3
What is the remainder when 1307 is divided by 120?
107
What is the remainder when 13370 is divided by 18?
14
What is the remainder when 463 is divided by 96?
79
Calculate the remainder when 589 is divided by 67.
53
What is the remainder when 994 is divided by 100?
94
What is the remainder when 5261 is divided by 19?
17
What is the remainder when 495 is divided by 494?
1
What is the remainder when 697 is divided by 685?
12
Calculate the remainder when 868 is divided by 151.
113
What is the remainder when 142 is divided by 16?
14
What is the remainder when 273 is divided by 100?
73
Calculate the remainder when 2162 is divided by 103.
102
Calculate the remainder when 133 is divided by 27.
25
Calculate the remainder when 558 is divided by 43.
42
What is the remainder when 116 is divided by 21?
11
What is the remainder when 315 is divided by 41?
28
Calculate the remainder when 66 is divided by 24.
18
What is the remainder when 12876 is divided by 56?
52
Calculate the remainder when 543 is divided by 76.
11
What is the remainder when 169 is divided by 53?
10
Calculate the remainder when 228 is divided by 21.
18
Calculate the remainder when 715 is divided by 180.
175
Calculate the remainder when 2589 is divided by 74.
73
Calculate the remainder when 1511 is divided by 18.
17
What is the remainder when 14941 is divided by 293?
291
What is the remainder when 141 is divided by 60?
21
Calculate the remainder when 2066 is divided by 66.
20
Calculate the remainder when 2141 is divided by 704.
29
What is the remainder when 178 is divided by 26?
22
What is the remainder when 770 is divided by 29?
16
What is the remainder when 492 is divided by 100?
92
What is the remainder when 1497 is divided by 100?
97
Calculate the remainder when 287 is divided by 13.
1
Calculate the remainder when 114 is divided by 26.
10
Calculate the remainder when 186 is divided by 47.
45
What is the remainder when 2130 is divided by 79?
76
Calculate the remainder when 132 is divided by 36.
24
Calculate the remainder when 1523 is divided by 187.
27
What is the remainder when 277 is divided by 89?
10
Calculate the remainder when 70 is divided by 6.
4
What is the remainder when 376 is divided by 95?
91
What is the remainder when 536 is divided by 60?
56
Calculate the remainder when 125 is divided by 8.
5
Calculate the remainder when 1481 is divided by 19.
18
Calculate the remainder when 2221 is divided by 16.
13
Calculate the remainder when 59 is divided by 10.
9
Calculate the remainder when 4956 is divided by 1238.
4
What is the remainder when 23750 is divided by 29?
28
Calculate the remainder when 704 i